rs of 10951?
47, 233
List the prime factors of 9794.
2, 59, 83
What are the prime factors of 80353?
7, 13, 883
List the prime factors of 13494.
2, 3, 13, 173
What are the prime factors of 71240?
2, 5, 13, 137
What are the prime factors of 1982?
2, 991
List the prime factors of 3723.
3, 17, 73
List the prime factors of 820.
2, 5, 41
List the prime factors of 838.
2, 419
What are the prime factors of 1541?
23, 67
What are the prime factors of 10691?
10691
What are the prime factors of 58827?
3, 19609
What are the prime factors of 8447?
8447
List the prime factors of 538.
2, 269
What are the prime factors of 132832?
2, 7, 593
List the prime factors of 95436.
2, 3, 11, 241
What are the prime factors of 8843?
37, 239
What are the prime factors of 19659?
3, 6553
List the prime factors of 24691.
24691
What are the prime factors of 1306?
2, 653
What are the prime factors of 4121?
13, 317
What are the prime factors of 12297?
3, 4099
List the prime factors of 199.
199
What are the prime factors of 1782?
2, 3, 11
What are the prime factors of 3450?
2, 3, 5, 23
What are the prime factors of 2245?
5, 449
What are the prime factors of 1527?
3, 509
What are the prime factors of 1162?
2, 7, 83
List the prime factors of 33.
3, 11
List the prime factors of 1025.
5, 41
List the prime factors of 9233.
7, 1319
What are the prime factors of 1426?
2, 23, 31
What are the prime factors of 1282?
2, 641
What are the prime factors of 3848?
2, 13, 37
What are the prime factors of 176315?
5, 179, 197
What are the prime factors of 18106?
2, 11, 823
What are the prime factors of 61052?
2, 15263
List the prime factors of 60839.
83, 733
What are the prime factors of 396?
2, 3, 11
What are the prime factors of 26572?
2, 7, 13, 73
What are the prime factors of 4460?
2, 5, 223
What are the prime factors of 36914?
2, 18457
List the prime factors of 17520.
2, 3, 5, 73
List the prime factors of 62193.
3, 20731
What are the prime factors of 4527?
3, 503
What are the prime factors of 86041?
139, 619
List the prime factors of 4912.
2, 307
What are the prime factors of 2145?
3, 5, 11, 13
What are the prime factors of 5241?
3, 1747
List the prime factors of 3728.
2, 233
List the prime factors of 1921.
17, 113
List the prime factors of 164181.
3, 54727
What are the prime factors of 6943?
53, 131
List the prime factors of 21847.
7, 3121
What are the prime factors of 2465?
5, 17, 29
List the prime factors of 22763.
13, 17, 103
List the prime factors of 6913.
31, 223
What are the prime factors of 111507?
3, 11, 31, 109
List the prime factors of 30402.
2, 3, 563
What are the prime factors of 1790?
2, 5, 179
What are the prime factors of 8839?
8839
What are the prime factors of 1778?
2, 7, 127
List the prime factors of 4835.
5, 967
What are the prime factors of 99230?
2, 5, 9923
List the prime factors of 46674.
2, 3, 2593
List the prime factors of 332.
2, 83
What are the prime factors of 8133?
3, 2711
List the prime factors of 258.
2, 3, 43
List the prime factors of 48236.
2, 31, 389
List the prime factors of 180.
2, 3, 5
What are the prime factors of 15571?
23, 677
List the prime factors of 72781.
73, 997
What are the prime factors of 43875?
3, 5, 13
What are the prime factors of 17133?
3, 5711
List the prime factors of 949.
13, 73
List the prime factors of 4352.
2, 17
List the prime factors of 169703.
223, 761
What are the prime factors of 1298?
2, 11, 59
What are the prime factors of 454?
2, 227
List the prime factors of 74919.
3, 13, 17, 113
List the prime factors of 37643.
37643
What are the prime factors of 95655?
3, 5, 7, 911
List the prime factors of 43720.
2, 5, 1093
What are the prime factors of 14765?
5, 2953
What are the prime factors of 1483?
1483
What are the prime factors of 1035?
3, 5, 23
What are the prime factors of 10717?
7, 1531
What are the prime factors of 12507?
3, 11, 379
What are the prime factors of 7369?
7369
List the prime factors of 44780.
2, 5, 2239
List the prime factors of 809.
809
What are the prime factors of 15680?
2, 5, 7
What are the prime factors of 1785?
3, 5, 7, 17
What are the prime factors of 2400?
2, 3, 5
List the prime factors of 77649.
3, 11, 13, 181
List the prime factors of 3167.
3167
What are the prime factors of 27696?
2, 3, 577
List the prime factors of 5747.
7, 821
List the prime factors of 6269.
6269
List the prime factors of 22273.
22273
What are the prime factors of 10649?
23, 463
List the prime factors of 833.
7, 17
List the prime factors of 37.
37
What are the prime factors of 11708?
2, 2927
What are the prime factors of 76584?
2, 3, 3191
List the prime factors of 12614.
2, 7, 17, 53
List the prime factors of 3357.
3, 373
What are the prime factors of 27486?
2, 3, 509
List the prime factors of 9025.
5, 19
What are the prime factors of 8791?
59, 149
What are the prime factors of 8369?
8369
List the prime factors of 2594.
2, 1297
List the prime factors of 3880.
2, 5, 97
List the prime factors of 2686.
2, 17, 79
List the prime factors of 1507.
11, 137
What are the prime factors of 1316?
2, 7, 47
List the prime factors of 62654.
2, 31327
List the prime factors of 63425.
5, 43, 59
List the prime factors of 2373.
3, 7, 113
What are the prime factors of 52646?
2, 11, 2393
What are the prime factors of 21410?
2, 5, 2141
List the prime factors of 9844.
2, 23, 107
What are the prime factors of 2056?
2, 257
List the prime factors of 1624.
2, 7, 29
List the prime factors of 10699.
13, 823
What are the prime factors of 102?
2, 3, 17
List the prime factors of 11763.
3, 1307
List the prime factors of 51765.
3, 5, 7, 17, 29
What are the prime factors of 6915?
3, 5, 461
What are the prime factors of 89620?
2, 5, 4481
List the prime factors of 68661.
3, 2543
List the prime factors of 106.
2, 53
List the prime factors of 21548.
2, 5387
What are the prime factors of 26815?
5, 31, 173
What are the prime factors of 204582?
2, 3, 7, 4871
List the prime factors of 36019.
181, 199
What are the prime factors of 78764?
2, 7, 29, 97
List the prime factors of 7414.
2, 11, 337
List the prime factors of 11373.
3, 17, 223
What are the prime factors of 1991?
11, 181
What are the prime factors of 5535?
3, 5, 41
List the prime factors of 1000.
2, 5
What are the prime factors of 2086?
2, 7, 149
What are the prime factors of 1669?
1669
List the prime factors of 27196.
2, 13, 523
List the prime factors of 6859.
19
List the prime factors of 8598.
2, 3, 1433
What are the prime factors of 227?
227
List the prime factors of 4475.
5, 179
List the prime factors of 4152.
2, 3, 173
List the prime factors of 5912.
2, 739
List the prime factors of 792.
2, 3, 11
What are the prime factors of 2194?
2, 1097
List the prime factors of 7862.
2, 3931
What are the prime factors of 2011?
2011
List the prime factors of 162946.
2, 7, 103, 113
What are the prime factors of 1776?
2, 3, 37
List the prime factors of 4318.
2, 17, 127
What are the prime factors of 12?
2, 3
List the prime factors of 1117.
1117
What are the prime factors of 411?
3, 137
List the prime factors of 2177.
7, 311
What are the prime factors of 3917?
3917
What are the prime factors of 7702?
2, 3851
What are the prime factors of 6850?
2, 5, 137
List the prime factors of 23.
23
What are the prime factors of 51224?
2, 19, 337
List the prime factors of 816.
2, 3, 17
What are the prime factors of 2518?
2, 1259
List the prime factors of 3845.
5, 769
List the prime factors of 1859.
11, 13
List the prime factors of 5061.
3, 7, 241
What are the prime factors of 32751?
3, 1213
What are the prime factors of 2281?
2281
List the prime factors of 15272.
2, 23, 83
List the prime factors of 1375.
5, 11
List the prime factors of 32576.
2, 509
List the prime factors of 96038.
2, 31, 1549
List the prime factors of 77063.
7, 101, 109
List the prime factors of 16432.
2, 13, 79
List the prime factors of 112062.
2, 3, 19, 983
List the prime factors of 10152.
2, 3, 47
What are the prime factors of 66927?
3, 7, 3187
List the prime factors of 49276.
2, 97, 127
List the prime factors of 16758.
2, 3, 7, 19
List the prime factors of 37527.
3, 7, 1787
What are the prime factors of 135544?
2, 16943
What are the prime factors of 835?
5, 167
List the prime factors of 22760.
2, 5, 569
What are the prime factors of 577?
577
List the prime factors of 18670.
2